3 - 7*p**2 - 6*p - 4. Let i be w(-6). Let u(r) = r - r + 2*r - 5*r + 5 - 4*r**2 - r**3. List the prime factors of u(i).
17
Let k = 97 - 43. Let q be 474/k + (-4)/(-18). What are the prime factors of q - 2/(-1) - 0?
11
Let j(y) = y**3 - 14*y**2 + y - 11. What are the prime factors of j(14)?
3
Let b(h) = 16*h**2 + h. Let v(l) = 33*l**2 + 2*l. Let q(d) = 5*b(d) - 2*v(d). List the prime factors of q(1).
3, 5
Suppose -5*y + 3 = -667. List the prime factors of y.
2, 67
Let z(q) = -20*q - 43. List the prime factors of z(-19).
337
Let w(c) = -32*c**2 - c - 1. Let i be w(-1). Let l be (-3)/9 + i/(-6). Let m(z) = z**2 - 4*z + 4. List the prime factors of m(l).
3
Suppose y - 3 = -0*y. Suppose -y*t = 3*m - 103 + 10, 32 = 2*m - 4*t. List the prime factors of m.
2, 13
Let l = -5 - -8. Suppose 2*j - 14 = l*j. List the prime factors of (-8)/12 + j/(-3).
2
Let o be 8 + -5 - -5*5. Suppose -6*h = -h + 15, -4*h - o = -2*s. List the prime factors of s.
2
Let q be 0/2 - (-1 + 0). Let k be (-54)/(-2) - (1 + q). Let x = -1 + k. What are the prime factors of x?
2, 3
Let w = -2 - -4. Suppose -4*z + 17 = -3, 0 = 5*j - w*z + 10. Suppose 4 = s - j. What are the prime factors of s?
2
Let s = 44 + -31. Suppose -5*t = -4*j - 13, -j + s = 2*t - 0*t. Suppose -6 - 6 = -j*l. What are the prime factors of l?
2
Suppose -z = -2*z + 2. Suppose -z*t = -6*t + 24. List the prime factors of t.
2, 3
Suppose -2*m + 5 = 1. What are the prime factors of m?
2
Let k(f) = 3*f - 1. Let t be k(4). Suppose z = -4, 2*u = -3*u - 4*z + 19. Let l = t - u. What are the prime factors of l?
2
Suppose -2*g + 6 = 0, -z + 245 = z - 5*g. Suppose 2*q + 3*q - z = 0. List the prime factors of q.
2, 13
Suppose -3*d - 98 + 30 = -2*a, -4*d + 23 = a. What are the prime factors of a?
31
Let c = 52 - -15. List the prime factors of c.
67
Suppose 5 = 5*b - 5. Suppose v = b*p - 6, -2*v - 5*p + 22 + 11 = 0. Suppose -4*s + 4 = -v. List the prime factors of s.
2
What are the prime factors of ((-27)/15)/((-3)/30)?
2, 3
Let p = -31 - -150. Let a = p + -58. List the prime factors of a.
61
Suppose 0 = o - 29 - 1. List the prime factors of o.
2, 3, 5
Suppose 1 = -t - 3. Let r(j) = j**2 + 4*j + 5. Let o be r(t). Suppose 54 = 5*v + 2*y + 13, -50 = -5*v - o*y. List the prime factors of v.
7
Suppose -2*f + 0*f + 10 = 0. Suppose r - 5*i - 4 = -0, i = 0. Suppose -r*x = -f - 19. What are the prime factors of x?
2, 3
Suppose -5*l = -25, 5*l - 38 = -z + 74. What are the prime factors of z?
3, 29
Let m(b) = 3*b**2 - 3. Let h be m(4). Suppose 5*g = 3*t - 3, 5*t + 4*g = -g + h. List the prime factors of t.
2, 3
Let q(c) = c**2 - c - 2. Let s be q(3). Let g be 2/s - (-3)/2. Suppose -12 = -x - g*x. What are the prime factors of x?
2
Let m(y) be the first derivative of y**6/120 - y**4/24 + 2*y**3/3 + 1. Let n(i) be the third derivative of m(i). List the prime factors of n(1).
2
Suppose -o - 5*c = 34, 3*o + 0*c = 3*c - 12. Let t = 12 + o. List the prime factors of t.
3
Let y(g) = -g**2 - 11*g + 4. List the prime factors of y(-8).
2, 7
Suppose -36 = -j + 4*n, -2*j + 93 = 4*n + 21. What are the prime factors of j?
2, 3
Suppose -4*f + 8 = -8*f. What are the prime factors of 310/11 + f/11?
2, 7
Let f(k) = -2*k + 1. Let q be f(-2). List the prime factors of 50/(-4)*(-12)/q.
2, 3, 5
Suppose 0 = 4*d - 316 - 288. What are the prime factors of d?
151
Let i(s) = 11*s - 3. Let m be 9/(2/(-4) + 2). Suppose -j = -4*j + m. List the prime factors of i(j).
19
Let w(g) = -g**2 - 14*g + 2. Let x = -22 - -16. List the prime factors of w(x).
2, 5
Suppose -2*z + 50 = 3*z. List the prime factors of z.
2, 5
Suppose -3 = -p - 1. List the prime factors of 10*1 - (3 - p).
3
Let h be (4/3)/(2/108). List the prime factors of ((-1)/(-2))/(6/h).
2, 3
Suppose m + 2*p = 49 + 16, 2*p = 4*m - 290. What are the prime factors of m?
71
Let z(l) = -l - 4. Let c be z(4). Let h be -3*(c/(-3) - 0). What are the prime factors of -2 - (h + (-2)/(-1))?
2
Let t = 7 - 8. Let o be t/5 + (-16)/(-5). Let v(i) = -i**3 + 4*i**2 - i + 1. List the prime factors of v(o).
7
Let b(d) = -d**3 - 12*d**2 - 3*d - 8. Let a be (-3)/(-6)*2*-12. List the prime factors of b(a).
2, 7
Suppose -3*c + 6 = v, 38 = 3*v + c - 4. Suppose -3*a - 21 = -g, -g = -a - 7 - 2. Let j = a + v. List the prime factors of j.
3
Let u(v) = 5*v**2. Let q(f) = 4*f**2 - 1. Let p(h) = 4*q(h) - 3*u(h). Suppose 2*t - 6 - 2 = 0. List the prime factors of p(t).
2, 3
What are the prime factors of 42/63 - (325/3)/(-1)?
109
Suppose 5*s - 248 = -3*s. What are the prime factors of s?
31
Suppose 4*p - r = -3, 3*p - 4*p + 4*r = -3. List the prime factors of p/7 + (-891)/(-63).
2, 7
Suppose -v - 7 = 3*k + 15, -5*k - 60 = 4*v. Let a = 28 + v. List the prime factors of a.
2, 3
Let h be 3/2 - (-339)/(-6). Let y = -33 - h. What are the prime factors of y?
2, 11
Let m(s) = s**3 + 4*s**2 - s - 3. Let f be m(-4). Suppose 4*x = f + 19, -3*u = -4*x - 49. What are the prime factors of u?
23
Let k(m) be the third derivative of -1/60*m**5 + 0*m - 7/24*m**4 + 2/3*m**3 + 2*m**2 + 0. List the prime factors of k(-6).
2, 5
Let y(f) = 58*f - 1. Let a be y(1). Suppose 5*g = 2*g + a. List the prime factors of g.
19
Suppose 2*d - 5*u - 170 = 0, 4*u - 5*u + 78 = d. What are the prime factors of d?
2, 5
Suppose -4*a + 5*a + 21 = 0. Let w = a + 32. What are the prime factors of w?
11
Suppose y = 4*y - 72. Suppose -q + 2*l - y = -5*q, -l = q - 6. List the prime factors of q.
2, 3
Let d(j) = j**3 + j**2 + 2. Let h be d(-2). Let n be h/(-4)*-4 - 1. What are the prime factors of (n + (-4)/2)*-1?
5
Let i(j) = -87*j**3 + 2*j + 1. Let f be i(-1). Suppose 2*o - 10 = g + 51, -4*g = 3*o - f. Suppose o = b + 4*b. List the prime factors of b.
2, 3
Let k = -88 + 113. List the prime factors of k.
5
Let b(f) = -11 + 11 + 8 - 9*f - f**2. List the prime factors of b(-9).
2
Let z(f) = -f**3 + 8*f**2 - f + 6. Let x be z(7). Let j = x + -20. List the prime factors of j.
2, 7
Let r = 223 - 132. Let o = -54 + r. List the prime factors of o.
37
Suppose 11*p - 2*w + 6 = 6*p, 3*p = -5*w + 15. Suppose -4*s + 0*s + 36 = p. What are the prime factors of s?
3
What are the prime factors of 4 - (1 + (-3)/1)?
2, 3
Let x = 12 - 2. Let m be 2/(-2 + 24/x). Let h = 9 - m. List the prime factors of h.
2
Suppose -2*a + 4 = -0, -k + 27 = -2*a. Suppose 2*f = k - 9. What are the prime factors of f?
11
Suppose -s = -4*s + 489. List the prime factors of s.
163
Let a = -2 + -14. Suppose -7*q + 173 = 19. Let i = a + q. What are the prime factors of i?
2, 3
Let o be (-12)/(-4 + (-5)/(-2)). Let b = -6 + o. List the prime factors of b.
2
List the prime factors of 41 - (6 - 4 - 1).
2, 5
Suppose -2 = m + 43. Let b be m/(-10) - 2/4. List the prime factors of b*(-2)/(-2 + 0).
2
Suppose -4*j = 2 + 2. Let c = j + 9. List the prime factors of c.
2
Let w(b) = -3*b - 26. What are the prime factors of w(-20)?
2, 17
Suppose 0 = a - 15 + 9. List the prime factors of a.
2, 3
Suppose 2*f + 3*m = 95, 5*f + 56 - 266 = -2*m. List the prime factors of f.
2, 5
Suppose 5*n - 3*j = 82, n - 4*n = -5*j - 46. Let b = -1 + n. What are the prime factors of b?
2
Let v = 11 - 8. Let s(q) = v + 3*q**2 + 2 - 2*q**2 + 3*q. What are the prime factors of s(-4)?
3
Suppose -2*c + 4 = -0. List the prime factors of c.
2
Let a = -11 + 15. Suppose -2 = -a*f + 50. List the prime factors of f.
13
Let l(a) = a**2 + 5*a + 4. Let c be l(-5). Suppose 15 = c*z - z. Suppose 3*n + 24 = z*n. What are the prime factors of n?
2, 3
Suppose -539 + 69 = -10*j. What are the prime factors of j?
47
Let j = -2 + 3. Let h(z) = 12*z**3 - z. Let s be h(j). Let u = 19 - s. What are the prime factors of u?
2
What are the prime factors of (5/5 + 25)*12?
2, 3, 13
Suppose 3*f = -4*i + 3 + 14, 5*f + 4*i = 23. Suppose -16 = -o - 2*l - f*l, 20 = 3*o + l. Let r = 1 + o. List the prime factors of r.
7
Suppose 1 = -2*g + 3. Let w = 5 - g. What are the prime factors of w?
2
Let z(c) = 2*c**3 - 5*c**2 + 9*c - 18. What are the prime factors of z(6)?
2, 3
Suppose -3*v + 33 = 5*p - p, 5*p - 45 = -5*v. Suppose 2*l - c = c + p, l = 5*c + 11. List the prime factors of 0/1 + (l - -9).
2, 5
Let s = -47 - -90. Suppose 0 = -4*l + 127 - s. Suppose l + 1 = 2*w. List the prime factors of w.
11
Let p be (-2)/4 - (-55)/(-10). Let l(h) = -h**3 - 4*h**2 + 4*h - 6. What are the prime factors of l(p)